isor of 1158 and 20.
2
What is the greatest common divisor of 62493 and 1776?
111
Calculate the greatest common factor of 16 and 330832.
16
Calculate the greatest common factor of 4852900 and 25.
25
What is the greatest common divisor of 20948 and 32?
4
What is the highest common divisor of 1337 and 50233?
191
What is the highest common divisor of 212 and 1780?
4
Calculate the greatest common factor of 124 and 14291.
31
Calculate the highest common factor of 25340 and 20.
20
Calculate the highest common factor of 1696 and 8851.
53
What is the greatest common divisor of 1274 and 10946?
26
Calculate the greatest common factor of 29 and 1702271.
29
Calculate the greatest common factor of 10921 and 7987.
163
What is the greatest common divisor of 79568 and 784?
16
What is the greatest common factor of 1919 and 16362?
101
What is the greatest common factor of 123036 and 132?
12
What is the highest common divisor of 6346 and 198062?
334
What is the highest common divisor of 2659366 and 2908?
1454
What is the greatest common factor of 2228 and 2294283?
557
Calculate the greatest common divisor of 612 and 4871520.
612
What is the greatest common divisor of 168 and 11088?
168
Calculate the highest common divisor of 258 and 26101.
43
Calculate the greatest common factor of 66246 and 105342.
1086
Calculate the highest common divisor of 1426 and 4784943.
713
Calculate the highest common divisor of 1715 and 3455.
5
What is the highest common divisor of 8555856 and 24?
24
What is the greatest common divisor of 435744 and 1691?
89
What is the highest common factor of 12 and 154804?
4
Calculate the highest common divisor of 725368 and 21.
7
What is the greatest common factor of 17556 and 1140?
228
What is the greatest common factor of 35576 and 104?
8
What is the highest common factor of 5924 and 20?
4
Calculate the greatest common divisor of 51208 and 1211.
173
What is the highest common factor of 7990 and 2210?
170
What is the greatest common divisor of 163 and 236187?
163
Calculate the greatest common divisor of 266400 and 6240.
480
Calculate the greatest common factor of 3906 and 110236.
434
Calculate the greatest common factor of 126 and 30582.
18
Calculate the highest common factor of 6 and 240879.
3
What is the highest common factor of 30743 and 213?
71
Calculate the highest common divisor of 2221768 and 167.
167
Calculate the greatest common factor of 48469 and 38.
19
What is the highest common divisor of 160 and 4130?
10
Calculate the greatest common divisor of 204243 and 117.
39
What is the greatest common factor of 63 and 1459521?
63
What is the greatest common factor of 960 and 8592320?
320
Calculate the greatest common factor of 3129 and 4431.
21
What is the highest common divisor of 8448 and 2871?
33
Calculate the highest common factor of 8448 and 4664.
88
Calculate the highest common divisor of 26298 and 891.
27
What is the highest common divisor of 84485 and 5795?
305
What is the highest common divisor of 1353 and 24?
3
Calculate the highest common factor of 37479 and 39.
39
What is the greatest common factor of 6137 and 22287?
323
Calculate the greatest common factor of 4329 and 152451.
117
Calculate the greatest common factor of 9064 and 40.
8
What is the greatest common divisor of 490022 and 26?
26
Calculate the greatest common divisor of 671 and 17263.
61
What is the greatest common divisor of 12908 and 2041308?
1844
What is the greatest common divisor of 13981 and 198?
11
What is the highest common factor of 35020 and 680?
340
Calculate the greatest common divisor of 12372 and 1416.
12
What is the greatest common divisor of 68 and 448?
4
What is the highest common factor of 481 and 505272?
37
Calculate the greatest common factor of 494 and 117819.
247
Calculate the greatest common factor of 10260 and 193230.
1710
What is the highest common factor of 89120 and 5280?
160
What is the highest common divisor of 68220 and 315?
45
What is the highest common factor of 264 and 24519?
33
What is the greatest common divisor of 16008 and 6486?
138
Calculate the highest common divisor of 68 and 478448.
68
Calculate the highest common factor of 71 and 24353.
71
Calculate the highest common factor of 1139600 and 14.
14
Calculate the greatest common factor of 33715 and 440.
55
Calculate the highest common factor of 2028 and 28535988.
2028
What is the highest common divisor of 6880 and 4608?
32
Calculate the highest common divisor of 2958784 and 557.
557
Calculate the highest common factor of 4335 and 11645.
85
Calculate the greatest common divisor of 14915 and 551.
19
Calculate the greatest common factor of 71273 and 1084.
271
What is the highest common factor of 1328 and 1035508?
332
What is the greatest common factor of 2895222 and 66?
66
Calculate the greatest common factor of 51360 and 75.
15
Calculate the highest common divisor of 14 and 139230.
14
Calculate the greatest common divisor of 38 and 583813.
19
What is the highest common divisor of 852 and 4992?
12
Calculate the greatest common divisor of 9872 and 320.
16
What is the greatest common divisor of 120 and 51405?
15
What is the greatest common divisor of 678 and 66218?
226
Calculate the highest common factor of 294959 and 145.
29
Calculate the highest common factor of 394 and 2704022.
394
Calculate the highest common divisor of 356 and 729088.
356
Calculate the greatest common divisor of 22 and 3194.
2
Calculate the highest common divisor of 286 and 4551690.
286
What is the highest common divisor of 8034 and 2418?
78
What is the highest common factor of 1743 and 95781?
21
What is the greatest common divisor of 4200 and 2184?
168
What is the highest common divisor of 67995 and 9?
9
Calculate the highest common divisor of 107161 and 101.
101
What is the highest common factor of 1188 and 6183?
27
What is the greatest common divisor of 7462 and 10738?
182
Calculate the highest common divisor of 522 and 3276.
18
What is the greatest common divisor of 1284 and 80036?
428
What is the greatest common factor of 1087250 and 1000?
250
What is the greatest common divisor of 216 and 12888?
72
What is the highest common factor of 118 and 106?
2
Calculate the greatest common divisor of 1339 and 7313.
103
What is the greatest common divisor of 1870 and 77690?
170
What is the greatest common divisor of 846 and 36942?
282
Calculate the highest common factor of 1339975 and 4340.
1085
Calculate the greatest common factor of 60 and 151455.
15
What is the highest common divisor of 4712 and 832257?
589
What is the highest common factor of 752 and 1927?
47
What is the highest common factor of 646 and 7242?
34
Calculate the highest common divisor of 237 and 1419.
3
What is the highest common factor of 55 and 819907?
11
What is the greatest common factor of 6651 and 7569?
9
Calculate the greatest common factor of 2615947 and 2149.
307
What is the highest common factor of 8650 and 86846?
346
What is the highest common divisor of 240156 and 252?
252
What is the greatest common divisor of 80 and 101360?
80
What is the greatest common divisor of 42 and 41034?
42
What is the greatest common factor of 144666 and 162?
162
Calculate the highest common divisor of 1144 and 1427140.
572
What is the highest common factor of 2703 and 33?
3
What is the highest common divisor of 5157 and 1458?
27
Calculate the greatest common factor of 26273 and 14053.
611
Calculate the highest common divisor of 3131 and 143220.
31
What is the highest common factor of 48918 and 372?
186
What is the greatest common factor of 12835 and 33824?
151
Calculate the greatest common factor of 2482 and 50224.
146
Calculate the highest common factor of 23739 and 246.
123
Calculate the highest common divisor of 10332 and 6724.
164
What is the greatest common factor of 174 and 2283?
3
What is the highest common factor of 20640 and 17040?
240
Calculate the greatest common factor of 46552 and 276.
92
What is the greatest common factor of 208 and 157898?
26
Calculate the highest common divisor of 152 and 747612.
76
Calculate the highest common divisor of 3510 and 1292070.
390
What is the highest common divisor of 333 and 146631?
111
What is the greatest common divisor of 72 and 819972?
36
What is the highest common factor of 4027250 and 890?
890
What is the hi